n base 5?
-2223333
Convert 101130 (base 4) to base 7.
3153
What is 21110010 (base 3) in base 8?
12466
What is -15 (base 6) in base 4?
-23
What is -8b5 (base 12) in base 3?
-1202202
What is -2021 (base 5) in base 8?
-405
Convert -3 (base 6) to base 4.
-3
Convert -10011210200 (base 3) to base 11.
-42aa4
What is -10100210 (base 3) in base 7?
-10101
Convert 5024 (base 8) to base 14.
d24
Convert 2101220200 (base 3) to base 8.
134332
-1a7a (base 12) to base 15
-e77
Convert 17e1 (base 15) to base 13.
2470
What is -6632 (base 8) in base 7?
-13103
Convert -110001001111 (base 2) to base 16.
-c4f
What is -1000011001 (base 2) in base 8?
-1031
Convert 32514 (base 6) to base 7.
16102
What is -1253c (base 16) in base 9?
-123868
Convert -69ed (base 16) to base 3.
-1101012100
What is 2604 (base 10) in base 3?
10120110
1198 (base 14) to base 10
3074
What is 7e6 (base 16) in base 5?
31042
What is 46366 (base 7) in base 13?
5521
Convert -4345 (base 7) to base 12.
-a94
What is 6453 (base 9) in base 3?
20111210
Convert -1014 (base 7) to base 14.
-1b4
28b (base 15) to base 9
715
Convert -1031201 (base 4) to base 8.
-11541
Convert 324 (base 10) to base 8.
504
Convert -1001110111010011 (base 2) to base 14.
-10a1d
What is -707 (base 11) in base 6?
-3542
Convert 4341 (base 11) to base 8.
13144
23200 (base 4) to base 9
1007
Convert 554 (base 15) to base 6.
5324
14133 (base 8) to base 11
4759
What is 29b6 (base 16) in base 10?
10678
What is 4442 (base 7) in base 9?
2165
What is -14917 (base 12) in base 6?
-342031
Convert 452d (base 14) to base 6.
131313
210441 (base 5) to base 8
15524
Convert -657 (base 11) to base 12.
-558
Convert -652 (base 9) to base 8.
-1025
What is -180 (base 10) in base 2?
-10110100
a095 (base 12) to base 11
12082
Convert -424 (base 12) to base 8.
-1134
What is -260 (base 14) in base 4?
-13130
What is -611 (base 8) in base 3?
-112120
What is 372 (base 14) in base 5?
10223
What is -17133 (base 10) in base 16?
-42ed
What is 3474 (base 10) in base 4?
312102
What is 253 (base 11) in base 13?
1a1
What is 13023 (base 4) in base 13?
294
Convert 6172 (base 9) to base 15.
1515
What is -42433 (base 5) in base 16?
-b34
10210120 (base 4) to base 16
4918
2119 (base 13) to base 8
10751
Convert -835e (base 16) to base 7.
-200022
Convert -25754 (base 11) to base 14.
-d5d9
7714 (base 14) to base 5
1124343
What is 509 (base 16) in base 10?
1289
Convert 23187 (base 9) to base 8.
36155
Convert -62152 (base 7) to base 11.
-10449
Convert 154d (base 15) to base 3.
20021101
-327 (base 15) to base 14
-38c
What is -12433 (base 6) in base 9?
-2533
Convert -35d (base 16) to base 12.
-5b9
1235 (base 6) to base 3
102112
What is -220203 (base 4) in base 10?
-2595
14d2 (base 14) to base 15
1177
What is -202 (base 12) in base 10?
-290
-110111101011010 (base 2) to base 6
-335550
Convert 210020101 (base 3) to base 15.
48c1
What is -5697 (base 14) in base 2?
-11101010110101
What is -bda (base 15) in base 14?
-d96
-1534 (base 6) to base 2
-110100010
What is 652 (base 8) in base 12?
2b6
22310 (base 8) to base 14
3608
Convert -120233 (base 4) to base 2.
-11000101111
What is 38968 (base 11) in base 4?
31212312
Convert -596 (base 14) to base 6.
-5052
Convert -2176 (base 9) to base 13.
-969
Convert -10102001 (base 3) to base 6.
-15301
What is -136a (base 15) in base 8?
-10066
Convert -1158 (base 15) to base 12.
-216b
Convert -1251 (base 7) to base 9.
-580
Convert 1010202 (base 3) to base 12.
592
What is 511510 (base 7) in base 2?
10101001111110111
Convert -1840 (base 11) to base 6.
-14503
385 (base 12) to base 16
215
Convert dc (base 16) to base 2.
11011100
-1b6 (base 13) to base 3
-102210
What is 100 (base 11) in base 12?
a1
10113 (base 4) to base 8
427
Convert -c48 (base 15) to base 6.
-20452
Convert -3250 (base 9) to base 11.
-1887
1433231 (base 5) to base 8
73351
What is 33022 (base 12) in base 2?
10000011101011010
-22b1 (base 15) to base 4
-1303012
Convert 120202 (base 4) to base 2.
11000100010
What is 344 (base 11) in base 14?
215
-34201 (base 6) to base 11
-3697
What is 1011212 (base 3) in base 15?
3c5
-211010 (base 3) to base 6
-2433
What is -541 (base 8) in base 5?
-2403
What is -53 (base 10) in base 13?
-41
What is 104536 (base 7) in base 2?
100100000010011
What is -343120 (base 5) in base 9?
-17760
What is 6106 (base 9) in base 2?
1000101101101
What is -8926 (base 11) in base 8?
-26765
Convert -2412 (base 11) to base 9.
-4300
Convert 1600 (base 9) to base 8.
2277
Convert -209c (base 16) to base 5.
-231343
Convert 29d (base 14) to base 9.
650
What is 29ad (base 14) in base 5?
214110
-115 (base 14) to base 3
-21222
What is -200004 (base 6) in base 2?
-11110011000100
20e (base 15) to base 9
565
-33121 (base 4) to base 13
-5aa
What is -42531 (base 8) in base 9?
-26315
What is 210010011 (base 3) in base 11?
10625
What is -165 (base 7) in base 9?
-116
What is 211221 (base 4) in base 16?
969
Convert 68 (base 12) to base 8.
120
Convert 2760 (base 8) to base 14.
7a8
Convert -361 (base 13) to base 10.
-586
Convert 21 (base 16) to base 12.
29
What is -1303021 (base 4) in base 14?
-2985
Convert 20054 (base 7) to base 10.
4841
Convert 1510 (base 13) to base 6.
22051
-56645 (base 8) to base 11
-17014
Convert -21025 (base 7) to base 5.
-131124
-4821 (base 9) to base 3
-11220201
704 (base 15) to base 10
1579
8703 (base 11) to base 10
11498
0 (base 6) to base 12
0
-7582 (base 9) to base 11
-4215
Convert 1122120 (base 3) to base 16.
4b3
Convert 6558 (base 9) to base 11.
36a3
What is -133241 (base 5) in base 11?
-4101
1804b (base 12) to base 10
34619
Convert -859a (base 14) to base 12.
-11424
-34539 (base 11) to base 12
-24a5a
Convert -63 (base 15) to base 11.
-85
8cf (base 16) to base 4
203033
Convert 2440 (base 6) to base 3.
211020
Convert 5224 (base 6) to base 5.
14133
507 (base 14) to base 13
5ac
Convert 53207 (base 8) to base 2.
101011010000111
What is -1432 (base 9) in base 12?
-762
1201110202 (base 3) to base 12
17732
18759 (base 10) to base 14
6b9d
Convert 8c0 (base 14) to base 8.
3310
Convert -530 (base 13) to base 5.
-12014
Convert 4124 (base 8) to base 5.
32012
What is ba1 (base 16) in base 6?
21441
Convert 1386 (base 12) to base 9.
3083
Convert 42 (base 13) to base 14.
3c
Convert 100111001111111 (base 2) to base 15.
5e4a
a036 (base 11) to base 7
53630
What is 13210 (base 7) in base 3?
11211221
What is -40563 (base 7) in base 13?
-4671
-44015 (base 10) to base 5
-2402030
What is -111122000 (base 3) in base 4?
-2123100
What is 4647 (base 12) in base 15?
24c1
Convert -55056 (base 7) to base 14.
-502d
What is -5152 (base 9) in base 2?
-111010111101
What is 20533 (base 8) in base 4?
2011123
1229 (base 10) to base 11
a18
What is 49 (base 13) in base 16?
3d
What is -2a46 (base 15) in base 11?
-68a2
Convert 1350 (base 7) to base 2.
1000001101
Convert -1101111001100 (base 2) to base 5.
-211431
Convert -de (base 16) to base 7.
-435
Convert -1463 (base 7) to base 2.
-1001001000
Convert -10101110000111 (base 2) to base 10.
-11143
-11242 (base 6) to base 8
-3112
Convert -111231 (base 4) to base 2.
-10101101101
2221 (base 4) to base 6
441
616 (base 7) to base 16
133
Convert -45042 (base 10) to base 13.
-1766a
55715 (base 9) to base 4
21002213
222010102 (base 3) to base 14
6d26
-1a773 (base 11) to base 10
-28878
10101010 (base 2) to base 7
332
Convert 444501 (base 6) to base 9.
56181
What is -1532 (base 6) in base 15?
-1cb
What is -1101110011000 (base 2) in base 8?
-15630
What is -a0 (base 14) in base 5?
-1030
Convert 10220 (base 3) to base 7.
210
2246 (base 13) to base 4
1022312
101201001 (base 3) to base 9
11631
Convert -43304 (base 5) to base 12.
-1862
777 (base 9) to base 10
637
Convert 12071 (base 9) to base 13.
38aa
222220 (base 3) to base 5
10401
Convert -16456 (base 8) to base 14.
-2a18
Convert -796 (base 15) to base 7.
-5001
What is 1021130 (base 5) in base 8?
41220
What is 122122 (base 3) in base 4?
13130
Convert 13101 (base 5) to base 13.
60c
-4319 (base 12) to base 15
-22b0
What is -45956 (base 10) in base 6?
-552432
Convert 3532 (base 6) to base 10.
848
What is -3112130 (base 4) in base 3?
-200211022
10167 (base 8) to base 11
3192
What is 9deb (base 16) in base 9?
61408
What is -2112002 (base 4) in base 8?
-22602
Convert -d64 (base 14) to base 12.
-1638
Convert 238a (base 11) to base